
595
What is the remainder when 786 is divided by 148?
46
Calculate the remainder when 115920 is divided by 527.
507
What is the remainder when 51067 is divided by 161?
30
What is the remainder when 11158 is divided by 72?
70
What is the remainder when 6981 is divided by 216?
69
Calculate the remainder when 119 is divided by 8.
7
Calculate the remainder when 8294 is divided by 249.
77
What is the remainder when 105336 is divided by 39?
36
Calculate the remainder when 322010 is divided by 623.
542
Calculate the remainder when 9496 is divided by 20.
16
Calculate the remainder when 12711 is divided by 6348.
15
What is the remainder when 28764 is divided by 244?
216
What is the remainder when 944 is divided by 919?
25
What is the remainder when 17747 is divided by 1372?
1283
What is the remainder when 17599 is divided by 3835?
2259
What is the remainder when 17905 is divided by 1055?
1025
What is the remainder when 1254 is divided by 74?
70
Calculate the remainder when 3978 is divided by 437.
45
Calculate the remainder when 229679 is divided by 198.
197
Calculate the remainder when 8340 is divided by 14.
10
Calculate the remainder when 114574 is divided by 21.
19
Calculate the remainder when 1046822 is divided by 36.
14
Calculate the remainder when 116410 is divided by 209.
206
Calculate the remainder when 785973 is divided by 149.
147
Calculate the remainder when 8020297 is divided by 29.
28
Calculate the remainder when 38445 is divided by 178.
175
What is the remainder when 2504 is divided by 474?
134
Calculate the remainder when 8849 is divided by 18.
11
Calculate the remainder when 13674 is divided by 3745.
2439
Calculate the remainder when 6732 is divided by 4.
0
What is the remainder when 32873 is divided by 416?
9
What is the remainder when 12831 is divided by 4041?
708
Calculate the remainder when 253428 is divided by 802.
798
Calculate the remainder when 1213847 is divided by 552.
551
Calculate the remainder when 12261 is divided by 18.
3
What is the remainder when 5722 is divided by 198?
178
Calculate the remainder when 6149 is divided by 191.
37
What is the remainder when 696465 is divided by 11055?
0
What is the remainder when 354704 is divided by 15?
14
What is the remainder when 525684 is divided by 107?
100
What is the remainder when 3285 is divided by 69?
42
What is the remainder when 6252 is divided by 1501?
248
What is the remainder when 1476 is divided by 466?
78
Calculate the remainder when 2061 is divided by 583.
312
Calculate the remainder when 75782 is divided by 1217.
328
Calculate the remainder when 8857 is divided by 8852.
5
What is the remainder when 12837 is divided by 24?
21
What is the remainder when 997 is divided by 500?
497
What is the remainder when 62013 is divided by 4134?
3
What is the remainder when 210540 is divided by 173?
172
What is the remainder when 2224 is divided by 191?
123
Calculate the remainder when 3794037 is divided by 526.
525
What is the remainder when 24329 is divided by 39?
32
Calculate the remainder when 13194 is divided by 4391.
21
Calculate the remainder when 19671 is divided by 133.
120
Calculate the remainder when 302387 is divided by 226.
225
What is the remainder when 88707 is divided by 657?
12
Calculate the remainder when 385979 is divided by 385964.
15
What is the remainder when 16564 is divided by 109?
105
What is the remainder when 9512 is divided by 113?
20
What is the remainder when 124573 is divided by 15?
13
Calculate the remainder when 183082 is divided by 91541.
0
What is the remainder when 82101 is divided by 160?
21
Calculate the remainder when 2122 is divided by 2083.
39
What is the remainder when 96694 is divided by 353?
325
Calculate the remainder when 102232 is divided by 845.
832
Calculate the remainder when 234 is divided by 13.
0
What is the remainder when 1999 is divided by 521?
436
Calculate the remainder when 316 is divided by 62.
6
What is the remainder when 283746 is divided by 73?
68
What is the remainder when 9594 is divided by 384?
378
What is the remainder when 18760 is divided by 4688?
8
Calculate the remainder when 606666 is divided by 28.
18
What is the remainder when 194922 is divided by 16?
10
What is the remainder when 8245 is divided by 4008?
229
What is the remainder when 332057 is divided by 91?
89
Calculate the remainder when 3148 is divided by 1551.
46
Calculate the remainder when 1656 is divided by 436.
348
Calculate the remainder when 36629 is divided by 8.
5
Calculate the remainder when 14706 is divided by 65.
16
Calculate the remainder when 728414 is divided by 154.
148
Calculate the remainder when 66556 is divided by 66549.
7
Calculate the remainder when 208800 is divided by 59.
58
Calculate the remainder when 18181 is divided by 19.
17
What is the remainder when 4310 is divided by 38?
16
Calculate the remainder when 203686 is divided by 46.
44
Calculate the remainder when 6845 is divided by 42.
41
What is the remainder when 52581 is divided by 13?
9
Calculate the remainder when 712945 is divided by 548.
545
What is the remainder when 48804 is divided by 1739?
112
Calculate the remainder when 3124 is divided by 2657.
467
What is the remainder when 22225 is divided by 3171?
28
What is the remainder when 1713 is divided by 1019?
694
What is the remainder when 2790 is divided by 866?
192
Calculate the remainder when 47105 is divided by 9421.
0
What is the remainder when 11073 is divided by 10?
3
What is the remainder when 9264 is divided by 202?
174
Calculate the remainder when 74752 is divided by 97.
62
What is the remainder when 2400 is divided by 178?
86
What is the remainder when 882 is divided by 864?
18
What is the remainder when 48448 is divided by 6918?
22
Calculate the remainder when 191177 is divided by 36.
17
Calculate the remainder when 294047 is divided by 50.
47
What is the remainder when 5045 is divided by 318?
275
What is the remainder when 784462 is divided by 16?
14
What is the remainder when 14622 is divided by 2924?
2
Calculate the remainder when 7546 is divided by 17.
15
Calculate the remainder when 42212 is divided by 410.
392
What is the remainder when 452542 is divided by 590?
12
Calculate the remainder when 201135 is divided by 137.
19
What is the remainder when 23314 is divided by 243?
229
Calculate the remainder when 278007 is divided by 62.
61
What is the remainder when 5389 is divided by 77?
76
What is the remainder when 25733 is divided by 437?
387
Calculate the remainder when 289 is divided by 251.
38
Calculate the remainder when 429864 is divided by 5.
4
Calculate the remainder when 28196 is divided by 9395.
11
What is the remainder when 45654 is divided by 23?
22
Calculate the remainder when 17667 is divided by 10.
7
Calculate the remainder when 87399 is divided by 575.
574
Calculate the remainder when 153149 is divided by 112.
45
Calculate the remainder when 3051 is divided by 59.
42
Calculate the remainder when 12328 is divided by 265.
138
Calculate the remainder when 75663 is divided by 946.
929
What is the remainder when 56877 is divided by 39?
15
What is the remainder when 70322 is divided by 11720?
2
Calculate the remainder when 1892 is divided by 144.
20
What is the remainder when 9317 is divided by 2328?
5
What is the remainder when 27753 is divided by 9213?
114
Calculate the remainder when 3821 is divided by 76.
21
What is the remainder when 357854 is divided by 1181?
11
What is the remainder when 2112908 is divided by 18?
14
Calculate the remainder when 46603 is divided by 16.
11
Calculate the remainder when 81515 is divided by 29.
25
What is the remainder when 891908 is divided by 40?
28
What is the remainder when 64162 is divided by 142?
120
What is the remainder when 886 is divided by 445?
441
Calculate the remainder when 312493 is divided by 26.
25
What is the remainder when 31989 is divided by 1997?
37
What is the remainder when 385141 is divided by 33?
31
What is the remainder when 7980 is divided by 163?
156
What is the remainder when 2483 is divided by 2469?
14
What is the remainder when 324658 is divided by 32?
18
Calculate the remainder when 823204 is divided by 137194.
40
Calculate the remainder when 49619 is divided by 12401.
15
What is the remainder when 14277 is divided by 340?
337
W